[INFO] cloning repository https://github.com/HectorSchreiner/VeryNiceGraphixEngine2D
[INFO] running `Command { std: "git" "-c" "credential.helper=" "-c" "credential.helper=/workspace/cargo-home/bin/git-credential-null" "clone" "--bare" "https://github.com/HectorSchreiner/VeryNiceGraphixEngine2D" "/workspace/cache/git-repos/https%3A%2F%2Fgithub.com%2FHectorSchreiner%2FVeryNiceGraphixEngine2D", kill_on_drop: false }`
[INFO] [stderr] Cloning into bare repository '/workspace/cache/git-repos/https%3A%2F%2Fgithub.com%2FHectorSchreiner%2FVeryNiceGraphixEngine2D'...
[INFO] running `Command { std: "git" "rev-parse" "HEAD", kill_on_drop: false }`
[INFO] [stdout] 5c946eb5ccfd1cf8a24c05ae392188896eaaa76e
[INFO] checking HectorSchreiner/VeryNiceGraphixEngine2D against master#9610dfe5a9a731ced1ea4923ecbd0c57fe367898 for beta-170-4
[INFO] running `Command { std: "git" "clone" "/workspace/cache/git-repos/https%3A%2F%2Fgithub.com%2FHectorSchreiner%2FVeryNiceGraphixEngine2D" "/workspace/builds/worker-1-tc1/source", kill_on_drop: false }`
[INFO] [stderr] Cloning into '/workspace/builds/worker-1-tc1/source'...
[INFO] [stderr] done.
[INFO] validating manifest of git repo https://github.com/HectorSchreiner/VeryNiceGraphixEngine2D on toolchain 9610dfe5a9a731ced1ea4923ecbd0c57fe367898
[INFO] running `Command { std: CARGO_HOME="/workspace/cargo-home" RUSTUP_HOME="/workspace/rustup-home" "/workspace/cargo-home/bin/cargo" "+9610dfe5a9a731ced1ea4923ecbd0c57fe367898" "metadata" "--manifest-path" "Cargo.toml" "--no-deps", kill_on_drop: false }`
[INFO] started tweaking git repo https://github.com/HectorSchreiner/VeryNiceGraphixEngine2D
[INFO] finished tweaking git repo https://github.com/HectorSchreiner/VeryNiceGraphixEngine2D
[INFO] tweaked toml for git repo https://github.com/HectorSchreiner/VeryNiceGraphixEngine2D written to /workspace/builds/worker-1-tc1/source/Cargo.toml
[INFO] crate git repo https://github.com/HectorSchreiner/VeryNiceGraphixEngine2D already has a lockfile, it will not be regenerated
[INFO] running `Command { std: CARGO_HOME="/workspace/cargo-home" RUSTUP_HOME="/workspace/rustup-home" "/workspace/cargo-home/bin/cargo" "+9610dfe5a9a731ced1ea4923ecbd0c57fe367898" "fetch" "--manifest-path" "Cargo.toml", kill_on_drop: false }`
[INFO] [stderr]  Downloading crates ...
[INFO] [stderr]   Downloaded minifb v0.23.0
[INFO] [stderr]   Downloaded line_drawing v1.0.0
[INFO] running `Command { std: "docker" "create" "-v" "/var/lib/crater-agent-workspace/builds/worker-1-tc1/target:/opt/rustwide/target:rw,Z" "-v" "/var/lib/crater-agent-workspace/builds/worker-1-tc1/source:/opt/rustwide/workdir:ro,Z" "-v" "/var/lib/crater-agent-workspace/cargo-home:/opt/rustwide/cargo-home:ro,Z" "-v" "/var/lib/crater-agent-workspace/rustup-home:/opt/rustwide/rustup-home:ro,Z" "-e" "SOURCE_DIR=/opt/rustwide/workdir" "-e" "CARGO_TARGET_DIR=/opt/rustwide/target" "-e" "CARGO_HOME=/opt/rustwide/cargo-home" "-e" "RUSTUP_HOME=/opt/rustwide/rustup-home" "-w" "/opt/rustwide/workdir" "-m" "1610612736" "--user" "0:0" "--network" "none" "ghcr.io/rust-lang/crates-build-env/linux@sha256:19e73879b68f455e41552ea35293514db52ea292d993f571636dbffedb77a1ee" "/opt/rustwide/cargo-home/bin/cargo" "+9610dfe5a9a731ced1ea4923ecbd0c57fe367898" "metadata" "--no-deps" "--format-version=1", kill_on_drop: false }`
[INFO] [stdout] 7896f3226c0c867fa1a04808a51d76a28e616f5b1d26c8453666639b03793192
[INFO] running `Command { std: "docker" "start" "-a" "7896f3226c0c867fa1a04808a51d76a28e616f5b1d26c8453666639b03793192", kill_on_drop: false }`
[INFO] running `Command { std: "docker" "inspect" "7896f3226c0c867fa1a04808a51d76a28e616f5b1d26c8453666639b03793192", kill_on_drop: false }`
[INFO] running `Command { std: "docker" "rm" "-f" "7896f3226c0c867fa1a04808a51d76a28e616f5b1d26c8453666639b03793192", kill_on_drop: false }`
[INFO] [stdout] 7896f3226c0c867fa1a04808a51d76a28e616f5b1d26c8453666639b03793192
[INFO] running `Command { std: "docker" "create" "-v" "/var/lib/crater-agent-workspace/builds/worker-1-tc1/target:/opt/rustwide/target:rw,Z" "-v" "/var/lib/crater-agent-workspace/builds/worker-1-tc1/source:/opt/rustwide/workdir:ro,Z" "-v" "/var/lib/crater-agent-workspace/cargo-home:/opt/rustwide/cargo-home:ro,Z" "-v" "/var/lib/crater-agent-workspace/rustup-home:/opt/rustwide/rustup-home:ro,Z" "-e" "SOURCE_DIR=/opt/rustwide/workdir" "-e" "CARGO_TARGET_DIR=/opt/rustwide/target" "-e" "CARGO_INCREMENTAL=0" "-e" "RUST_BACKTRACE=full" "-e" "RUSTFLAGS=--cap-lints=forbid" "-e" "RUSTDOCFLAGS=--cap-lints=forbid" "-e" "CARGO_HOME=/opt/rustwide/cargo-home" "-e" "RUSTUP_HOME=/opt/rustwide/rustup-home" "-w" "/opt/rustwide/workdir" "-m" "1610612736" "--user" "0:0" "--network" "none" "ghcr.io/rust-lang/crates-build-env/linux@sha256:19e73879b68f455e41552ea35293514db52ea292d993f571636dbffedb77a1ee" "/opt/rustwide/cargo-home/bin/cargo" "+9610dfe5a9a731ced1ea4923ecbd0c57fe367898" "check" "--frozen" "--all" "--all-targets" "--message-format=json", kill_on_drop: false }`
[INFO] [stdout] 33c832b62a44323a11e7cce785cd2415fdf93088a40a541b3d257733104faa96
[INFO] running `Command { std: "docker" "start" "-a" "33c832b62a44323a11e7cce785cd2415fdf93088a40a541b3d257733104faa96", kill_on_drop: false }`
[INFO] [stderr]    Compiling autocfg v1.1.0
[INFO] [stderr]    Compiling proc-macro2 v1.0.43
[INFO] [stderr]    Compiling quote v1.0.21
[INFO] [stderr]    Compiling pkg-config v0.3.25
[INFO] [stderr]    Compiling unicode-ident v1.0.4
[INFO] [stderr]    Compiling libc v0.2.132
[INFO] [stderr]    Compiling xml-rs v0.8.4
[INFO] [stderr]    Compiling memchr v2.5.0
[INFO] [stderr]     Checking once_cell v1.14.0
[INFO] [stderr]     Checking smallvec v1.9.0
[INFO] [stderr]     Checking downcast-rs v1.2.0
[INFO] [stderr]     Checking minimal-lexical v0.2.1
[INFO] [stderr]     Checking scoped-tls v1.0.0
[INFO] [stderr]     Checking libloading v0.7.3
[INFO] [stderr]    Compiling cc v1.0.73
[INFO] [stderr]     Checking remove_dir_all v0.5.3
[INFO] [stderr]     Checking fastrand v1.8.0
[INFO] [stderr]     Checking cty v0.2.2
[INFO] [stderr]     Checking raw-window-handle v0.4.3
[INFO] [stderr]     Checking dlib v0.5.0
[INFO] [stderr]    Compiling memoffset v0.6.5
[INFO] [stderr]    Compiling num-traits v0.2.15
[INFO] [stderr]    Compiling wayland-sys v0.29.5
[INFO] [stderr]    Compiling x11-dl v2.20.0
[INFO] [stderr]    Compiling minifb v0.23.0
[INFO] [stderr]     Checking nom v7.1.1
[INFO] [stderr]    Compiling wayland-scanner v0.29.5
[INFO] [stderr]     Checking line_drawing v1.0.0
[INFO] [stderr]     Checking nix v0.24.2
[INFO] [stderr]     Checking tempfile v3.3.0
[INFO] [stderr]    Compiling wayland-client v0.29.5
[INFO] [stderr]    Compiling wayland-protocols v0.29.5
[INFO] [stderr]     Checking xcursor v0.3.4
[INFO] [stderr]     Checking wayland-commons v0.29.5
[INFO] [stderr]     Checking wayland-cursor v0.29.5
[INFO] [stderr]     Checking GraphicsEngine2D v0.1.0 (/opt/rustwide/workdir)
[INFO] [stdout] error[E0583]: file not found for module `util`
[INFO] [stdout]  --> src/main.rs:7:1
[INFO] [stdout]   |
[INFO] [stdout] 7 | mod util;
[INFO] [stdout]   | ^^^^^^^^^
[INFO] [stdout]   |
[INFO] [stdout]   = help: to create the module `util`, create file "src/util.rs" or "src/util/mod.rs"
[INFO] [stdout] 
[INFO] [stdout] 
[INFO] [stdout] error[E0583]: file not found for module `util`
[INFO] [stdout]  --> src/main.rs:7:1
[INFO] [stdout]   |
[INFO] [stdout] 7 | mod util;
[INFO] [stdout]   | ^^^^^^^^^
[INFO] [stdout]   |
[INFO] [stdout]   = help: to create the module `util`, create file "src/util.rs" or "src/util/mod.rs"
[INFO] [stdout] 
[INFO] [stdout] 
[INFO] [stdout] error[E0432]: unresolved imports `crate::util::Color`, `crate::util::Draw`, `crate::util::HEIGHT`, `crate::util::PI`, `crate::util::WIDTH`
[INFO] [stdout]  --> src/renderer.rs:1:19
[INFO] [stdout]   |
[INFO] [stdout] 1 | use crate::util::{Color, Draw, HEIGHT, PI, WIDTH};
[INFO] [stdout]   |                   ^^^^^  ^^^^  ^^^^^^  ^^  ^^^^^ no `WIDTH` in `util`
[INFO] [stdout]   |                   |      |     |       |
[INFO] [stdout]   |                   |      |     |       no `PI` in `util`
[INFO] [stdout]   |                   |      |     no `HEIGHT` in `util`
[INFO] [stdout]   |                   |      no `Draw` in `util`
[INFO] [stdout]   |                   no `Color` in `util`
[INFO] [stdout] 
[INFO] [stdout] 
[INFO] [stdout] error[E0432]: unresolved imports `crate::util::Color`, `crate::util::Draw`, `crate::util::HEIGHT`, `crate::util::PI`, `crate::util::WIDTH`
[INFO] [stdout]  --> src/renderer.rs:1:19
[INFO] [stdout]   |
[INFO] [stdout] 1 | use crate::util::{Color, Draw, HEIGHT, PI, WIDTH};
[INFO] [stdout]   |                   ^^^^^  ^^^^  ^^^^^^  ^^  ^^^^^ no `WIDTH` in `util`
[INFO] [stdout]   |                   |      |     |       |
[INFO] [stdout]   |                   |      |     |       no `PI` in `util`
[INFO] [stdout]   |                   |      |     no `HEIGHT` in `util`
[INFO] [stdout]   |                   |      no `Draw` in `util`
[INFO] [stdout]   |                   no `Color` in `util`
[INFO] [stdout] 
[INFO] [stdout] 
[INFO] [stdout] error[E0425]: cannot find value `WIDTH` in this scope
[INFO] [stdout]   --> src/main.rs:11:25
[INFO] [stdout]    |
[INFO] [stdout] 11 |         buffer: vec![0; WIDTH * HEIGHT],
[INFO] [stdout]    |                         ^^^^^ not found in this scope
[INFO] [stdout] 
[INFO] [stdout] 
[INFO] [stdout] error[E0425]: cannot find value `HEIGHT` in this scope
[INFO] [stdout]   --> src/main.rs:11:33
[INFO] [stdout]    |
[INFO] [stdout] 11 |         buffer: vec![0; WIDTH * HEIGHT],
[INFO] [stdout]    |                                 ^^^^^^ not found in this scope
[INFO] [stdout] 
[INFO] [stdout] 
[INFO] [stdout] error[E0425]: cannot find value `WIDTH` in this scope
[INFO] [stdout]   --> src/main.rs:16:9
[INFO] [stdout]    |
[INFO] [stdout] 16 |         WIDTH,
[INFO] [stdout]    |         ^^^^^ not found in this scope
[INFO] [stdout] 
[INFO] [stdout] 
[INFO] [stdout] error[E0425]: cannot find value `HEIGHT` in this scope
[INFO] [stdout]   --> src/main.rs:17:9
[INFO] [stdout]    |
[INFO] [stdout] 17 |         HEIGHT,
[INFO] [stdout]    |         ^^^^^^ not found in this scope
[INFO] [stdout] 
[INFO] [stdout] 
[INFO] [stdout] error[E0425]: cannot find value `WIDTH` in this scope
[INFO] [stdout]   --> src/main.rs:27:51
[INFO] [stdout]    |
[INFO] [stdout] 27 |             .update_with_buffer(&renderer.buffer, WIDTH, HEIGHT)
[INFO] [stdout]    |                                                   ^^^^^ not found in this scope
[INFO] [stdout] 
[INFO] [stdout] 
[INFO] [stdout] error[E0425]: cannot find value `HEIGHT` in this scope
[INFO] [stdout]   --> src/main.rs:27:58
[INFO] [stdout]    |
[INFO] [stdout] 27 |             .update_with_buffer(&renderer.buffer, WIDTH, HEIGHT)
[INFO] [stdout]    |                                                          ^^^^^^ not found in this scope
[INFO] [stdout] 
[INFO] [stdout] 
[INFO] [stdout] error[E0425]: cannot find value `WIDTH` in this scope
[INFO] [stdout]   --> src/main.rs:11:25
[INFO] [stdout]    |
[INFO] [stdout] 11 |         buffer: vec![0; WIDTH * HEIGHT],
[INFO] [stdout]    |                         ^^^^^ not found in this scope
[INFO] [stdout] 
[INFO] [stdout] 
[INFO] [stdout] error[E0425]: cannot find value `HEIGHT` in this scope
[INFO] [stdout]   --> src/main.rs:11:33
[INFO] [stdout]    |
[INFO] [stdout] 11 |         buffer: vec![0; WIDTH * HEIGHT],
[INFO] [stdout]    |                                 ^^^^^^ not found in this scope
[INFO] [stdout] 
[INFO] [stdout] 
[INFO] [stdout] error[E0425]: cannot find value `WIDTH` in this scope
[INFO] [stdout]   --> src/main.rs:16:9
[INFO] [stdout]    |
[INFO] [stdout] 16 |         WIDTH,
[INFO] [stdout]    |         ^^^^^ not found in this scope
[INFO] [stdout] 
[INFO] [stdout] 
[INFO] [stdout] error[E0425]: cannot find value `HEIGHT` in this scope
[INFO] [stdout]   --> src/main.rs:17:9
[INFO] [stdout]    |
[INFO] [stdout] 17 |         HEIGHT,
[INFO] [stdout]    |         ^^^^^^ not found in this scope
[INFO] [stdout] 
[INFO] [stdout] 
[INFO] [stdout] error[E0425]: cannot find value `WIDTH` in this scope
[INFO] [stdout]   --> src/main.rs:27:51
[INFO] [stdout]    |
[INFO] [stdout] 27 |             .update_with_buffer(&renderer.buffer, WIDTH, HEIGHT)
[INFO] [stdout]    |                                                   ^^^^^ not found in this scope
[INFO] [stdout] 
[INFO] [stdout] 
[INFO] [stdout] error[E0425]: cannot find value `HEIGHT` in this scope
[INFO] [stdout]   --> src/main.rs:27:58
[INFO] [stdout]    |
[INFO] [stdout] 27 |             .update_with_buffer(&renderer.buffer, WIDTH, HEIGHT)
[INFO] [stdout]    |                                                          ^^^^^^ not found in this scope
[INFO] [stdout] 
[INFO] [stdout] 
[INFO] [stdout] error[E0433]: failed to resolve: use of undeclared type `Color`
[INFO] [stdout]   --> src/main.rs:31:24
[INFO] [stdout]    |
[INFO] [stdout] 31 |         renderer.clear(Color::BLACK); //Clear screen
[INFO] [stdout]    |                        ^^^^^ use of undeclared type `Color`
[INFO] [stdout] 
[INFO] [stdout] 
[INFO] [stdout] error[E0433]: failed to resolve: use of undeclared type `Rectangle`
[INFO] [stdout]   --> src/main.rs:32:9
[INFO] [stdout]    |
[INFO] [stdout] 32 |         Rectangle::new(20, 20, (20, 20)).draw(&mut renderer, Color::WHITE);
[INFO] [stdout]    |         ^^^^^^^^^ use of undeclared type `Rectangle`
[INFO] [stdout] 
[INFO] [stdout] 
[INFO] [stdout] error[E0433]: failed to resolve: use of undeclared type `Color`
[INFO] [stdout]   --> src/main.rs:32:62
[INFO] [stdout]    |
[INFO] [stdout] 32 |         Rectangle::new(20, 20, (20, 20)).draw(&mut renderer, Color::WHITE);
[INFO] [stdout]    |                                                              ^^^^^ use of undeclared type `Color`
[INFO] [stdout] 
[INFO] [stdout] 
[INFO] [stdout] error: aborting due to 11 previous errors
[INFO] [stdout] 
[INFO] [stdout] 
[INFO] [stdout] Some errors have detailed explanations: E0425, E0432, E0433, E0583.
[INFO] [stdout] 
[INFO] [stdout] For more information about an error, try `rustc --explain E0425`.
[INFO] [stdout] 
[INFO] [stdout] error[E0433]: failed to resolve: use of undeclared type `Color`
[INFO] [stdout]   --> src/main.rs:31:24
[INFO] [stdout]    |
[INFO] [stdout] 31 |         renderer.clear(Color::BLACK); //Clear screen
[INFO] [stdout]    |                        ^^^^^ use of undeclared type `Color`
[INFO] [stdout] 
[INFO] [stdout] 
[INFO] [stdout] error[E0433]: failed to resolve: use of undeclared type `Rectangle`
[INFO] [stdout]   --> src/main.rs:32:9
[INFO] [stdout]    |
[INFO] [stdout] 32 |         Rectangle::new(20, 20, (20, 20)).draw(&mut renderer, Color::WHITE);
[INFO] [stdout]    |         ^^^^^^^^^ use of undeclared type `Rectangle`
[INFO] [stdout] 
[INFO] [stdout] 
[INFO] [stdout] error[E0433]: failed to resolve: use of undeclared type `Color`
[INFO] [stdout]   --> src/main.rs:32:62
[INFO] [stdout]    |
[INFO] [stdout] 32 |         Rectangle::new(20, 20, (20, 20)).draw(&mut renderer, Color::WHITE);
[INFO] [stdout]    |                                                              ^^^^^ use of undeclared type `Color`
[INFO] [stdout] 
[INFO] [stdout] 
[INFO] [stdout] error: aborting due to 11 previous errors
[INFO] [stdout] 
[INFO] [stdout] 
[INFO] [stdout] Some errors have detailed explanations: E0425, E0432, E0433, E0583.
[INFO] [stdout] 
[INFO] [stdout] For more information about an error, try `rustc --explain E0425`.
[INFO] [stdout] 
[INFO] [stderr] error: could not compile `GraphicsEngine2D` (bin "GraphicsEngine2D" test) due to 12 previous errors
[INFO] [stderr] warning: build failed, waiting for other jobs to finish...
[INFO] [stderr] error: could not compile `GraphicsEngine2D` (bin "GraphicsEngine2D") due to 12 previous errors
[INFO] running `Command { std: "docker" "inspect" "33c832b62a44323a11e7cce785cd2415fdf93088a40a541b3d257733104faa96", kill_on_drop: false }`
[INFO] running `Command { std: "docker" "rm" "-f" "33c832b62a44323a11e7cce785cd2415fdf93088a40a541b3d257733104faa96", kill_on_drop: false }`
[INFO] [stdout] 33c832b62a44323a11e7cce785cd2415fdf93088a40a541b3d257733104faa96
